 11?
-80
Convert 552 (base 10) to base 16.
228
Convert -325 (base 10) to base 8.
-505
Convert 60425 (base 7) to base 15.
44eb
What is 101110000 (base 3) in base 9?
11400
ca89 (base 15) to base 7
236004
Convert -51420 (base 6) to base 16.
-1ac4
101c (base 14) to base 11
2099
Convert 443 (base 11) to base 7.
1356
Convert 2420 (base 6) to base 4.
21030
What is 4506 (base 11) in base 12?
3527
What is 5019 (base 10) in base 7?
20430
Convert 3422 (base 6) to base 15.
38b
-29 (base 16) to base 12
-35
What is -14241 (base 6) in base 8?
-4321
What is -25550 (base 6) in base 12?
-22b6
-120221 (base 7) to base 12
-106a2
What is -1330232 (base 4) in base 8?
-17456
What is -100110101010000 (base 2) in base 11?
-13963
Convert -1511 (base 7) to base 11.
-4a2
Convert 6933 (base 10) to base 14.
2753
Convert 111212 (base 4) to base 3.
1220012
Convert 622 (base 14) to base 16.
4b6
a2d (base 14) to base 9
2663
-26cc (base 15) to base 13
-3a0b
Convert 547 (base 8) to base 4.
11213
Convert a2b (base 16) to base 14.
d3d
-b38 (base 14) to base 13
-1009
-269 (base 10) to base 6
-1125
What is 3102 (base 4) in base 15?
e0
Convert 26753 (base 9) to base 16.
46bf
b1 (base 12) to base 5
1013
25446 (base 9) to base 6
211153
31c3 (base 15) to base 5
314113
2010200 (base 3) to base 6
11113
-1001111100 (base 2) to base 5
-10021
-1072 (base 10) to base 13
-646
115066 (base 8) to base 11
2772a
Convert -304 (base 12) to base 13.
-277
What is -151 (base 7) in base 13?
-67
Convert -1434 (base 5) to base 9.
-301
Convert 23765 (base 11) to base 12.
17955
What is 1061 (base 8) in base 6?
2333
Convert 8a (base 14) to base 16.
7a
Convert 23254 (base 6) to base 16.
d12
Convert 1143424 (base 5) to base 15.
6694
-204643 (base 7) to base 9
-53384
What is -221122 (base 3) in base 16?
-2b4
Convert 406 (base 8) to base 13.
172
Convert -20214 (base 5) to base 16.
-51d
15109 (base 15) to base 16
10896
What is 11a (base 12) in base 2?
10100110
What is -32204 (base 7) in base 3?
-101221222
Convert 31544 (base 6) to base 13.
1c69
What is -12b12 (base 12) in base 13?
-b97b
What is -348 (base 12) in base 7?
-1265
-113612 (base 7) to base 6
-235032
Convert 6732 (base 9) to base 12.
2a62
Convert 752 (base 10) to base 4.
23300
What is -1402 (base 11) in base 14?
-93b
Convert 6460 (base 9) to base 15.
161c
774 (base 12) to base 14
584
Convert -21b1 (base 16) to base 11.
-6531
Convert -3648 (base 13) to base 11.
-5839
Convert -37 (base 10) to base 5.
-122
107 (base 12) to base 9
177
Convert -100010000101010 (base 2) to base 11.
-12124
245 (base 9) to base 13
128
Convert 2103 (base 14) to base 11.
4300
Convert -32221 (base 4) to base 14.
-4ad
What is f8 (base 16) in base 12?
188
361 (base 16) to base 5
11430
What is 2350 (base 8) in base 12?
888
What is -1420 (base 10) in base 13?
-853
Convert 1c3 (base 13) to base 4.
11020
Convert -211102000 (base 3) to base 7.
-65424
339 (base 14) to base 6
2543
What is -135035 (base 6) in base 5?
-402032
What is 4b7 (base 15) in base 13?
646
Convert 10101 (base 2) to base 10.
21
Convert 1374 (base 14) to base 13.
1742
Convert -2111202 (base 4) to base 7.
-36621
What is 22031 (base 10) in base 11?
15609
Convert -92bb (base 12) to base 11.
-11010
What is 4572 (base 13) in base 6?
113010
-364 (base 9) to base 13
-1a2
What is -202 (base 6) in base 10?
-74
Convert 14a4a (base 15) to base 3.
10101010221
-43304 (base 6) to base 13
-2923
What is -10010110100 (base 2) in base 14?
-620
Convert 1aa (base 15) to base 5.
3020
Convert -1111110 (base 2) to base 3.
-11200
320222 (base 4) to base 14
1470
Convert -9029 (base 10) to base 13.
-4157
Convert -4123 (base 5) to base 11.
-44a
Convert 200 (base 12) to base 10.
288
22331 (base 4) to base 16
2bd
What is c03 (base 13) in base 5?
31111
1539 (base 12) to base 8
4675
Convert 1b2 (base 15) to base 10.
392
What is 325313 (base 6) in base 11?
19412
What is -112221 (base 4) in base 15?
-669
3012433 (base 5) to base 6
1005340
Convert 100101010 (base 2) to base 7.
604
Convert bb (base 16) to base 7.
355
What is -a68 (base 13) in base 2?
-11011110000
What is -15015 (base 6) in base 14?
-c27
What is -325 (base 15) in base 16?
-2c6
What is 110011100011 (base 2) in base 5?
101144
2112200021 (base 3) to base 5
3100230
13312 (base 7) to base 4
320002
What is -301 (base 14) in base 11?
-496
1410 (base 7) to base 16
222
Convert -19c0 (base 15) to base 10.
-5580
What is 4260 (base 7) in base 10?
1512
What is -18 (base 12) in base 13?
-17
Convert -43640 (base 8) to base 13.
-8466
Convert -11110000111111 (base 2) to base 15.
-4883
5404 (base 12) to base 10
9220
What is 11000100 (base 2) in base 3?
21021
Convert 204503 (base 7) to base 4.
20212202
Convert 40142 (base 5) to base 11.
1a06
Convert 76b8 (base 14) to base 5.
1124141
What is 2013132 (base 4) in base 6?
104050
What is 22660 (base 9) in base 14?
5720
What is 21020010 (base 3) in base 16?
1494
-31d (base 15) to base 8
-1277
Convert -74621 (base 9) to base 4.
-30003010
Convert -1024 (base 5) to base 4.
-2023
Convert 1000110000 (base 2) to base 11.
46a
What is -3214303 (base 5) in base 12?
-27534
-594 (base 15) to base 9
-1654
What is -4634 (base 10) in base 6?
-33242
What is 265a3 (base 11) in base 5?
2203421
Convert 32321 (base 5) to base 4.
202203
Convert b7b (base 14) to base 6.
14253
What is 167 (base 10) in base 5?
1132
What is 22121 (base 4) in base 13?
3c2
-20b (base 16) to base 2
-1000001011
Convert -1011011101110000 (base 2) to base 16.
-b770
-1312123 (base 4) to base 2
-1110110011011
Convert 9ed (base 15) to base 11.
1764
-365 (base 8) to base 11
-203
1111110011100 (base 2) to base 7
32410
11670 (base 8) to base 4
1032320
What is -2aa56 (base 12) in base 8?
-165542
What is -55 (base 14) in base 3?
-2210
What is 11101100110110 (base 2) in base 6?
154102
Convert 606 (base 9) to base 10.
492
What is -215306 (base 7) in base 5?
-2203013
-4644 (base 10) to base 4
-1020210
What is 205514 (base 7) in base 15?
a825
431 (base 11) to base 5
4033
Convert 110111101 (base 2) to base 8.
675
-10010001100100 (base 2) to base 11
-6aaa
Convert 3003 (base 5) to base 14.
1d0
4054 (base 6) to base 15
3ed
Convert 100000010001010 (base 2) to base 11.
11460
a456 (base 11) to base 9
21004
Convert -8761 (base 9) to base 5.
-201304
101000001 (base 2) to base 5
2241
What is 2444124 (base 5) in base 11?
32176
What is 144 (base 5) in base 6?
121
11011111101111 (base 2) to base 5
424234
Convert 32e (base 15) to base 11.
5a4
-1482 (base 10) to base 5
-21412
Convert -23712 (base 8) to base 15.
-3041
6c (base 15) to base 14
74
11411 (base 5) to base 4
31120
243 (base 11) to base 5
2124
Convert 5636 (base 7) to base 5.
31121
-43537 (base 10) to base 12
-21241
What is 27252 (base 10) in base 4?
12221310
What is -1163 (base 8) in base 7?
-1554
-748 (base 14) to base 4
-112130
What is 12120 (base 3) in base 12?
106
174 (base 12) to base 16
e8
What is 1b8 (base 15) in base 10?
398
5212 (base 6) to base 7
3245
-2200202 (base 3) to base 14
-a04
What is -1102211 (base 4) in base 5?
-132120
-1457 (base 10) to base 15
-672
Convert 560a (base 16) to base 6.
245550
-200 (base 6) to base 4
-1020
c8 (base 16) to base 8
310
234 (base 14) to base 9
536
What is -5824 (base 9) in base 4?
-1003123
-4446 (base 7) to base 2
-11001000010
What is 1297 (base 11) in base 9?
2265
-7e0 (base 16) to base 7
-5610
2112 (base 5) to base 2
100011010
-10000011011 (base 2) to base 9
-1387
Convert -101100011010101 (base 2) to base 6.
-253141
What is -256 (base 10) in base 9?
-314
Convert 1378 (base 15) to base 13.
1b83
What is -111011 (base 3) in base 4?
-11203
What is 100100001100 (base 2) in base 15?
a46
-532 (base 8) to base 9
-424
-223662 (base 7) to base 12
-1b033
Convert 10100 (base 7) to base 6.
15202
Convert 31 (base 11) to base 3.
1021
-1566 (base 13) to base 6
-22250
Convert -709 (base 12) to base 9.
-1350
Convert 700b (base 16) to base 7.
146424
-74106 (base 10) to base 3
-10202122200
Convert 18ba9 (base 12) to base 3.
1211202110
Convert 11001101 (base 2) to base 10.
205
What is -1919 (base 12) in base 14?
-1177
Convert 8920 (base 10) to base 4.
2023120
Convert 8d0 (base 15) to base 5.
30440
-2220102001 (base 3) to base 9
-86361
What is -1101011100 (base 2) in base 9?
-1155
What is -545a1 (base 11) in base 6?
-1410513
What is -37057 (bas